{"id":3700,"date":"2017-02-23T09:55:13","date_gmt":"2017-02-23T08:55:13","guid":{"rendered":"https:\/\/magazin.ehorses.de\/?page_id=3700"},"modified":"2017-02-23T09:55:13","modified_gmt":"2017-02-23T08:55:13","slug":"nutzungsbedingungen","status":"publish","type":"page","link":"https:\/\/www.ehorses.de\/magazin\/nutzungsbedingungen\/","title":{"rendered":"Nutzungsbedingungen f\u00fcr ehorses Blogger"},"content":{"rendered":"<p><strong>ehorses Blog<\/strong><\/p>\n<ol>\n<li>Geltungsbereich<\/li>\n<\/ol>\n<p>Die nachfolgenden Allgemeinen Gesch\u00e4ftsbedingungen (&#8220;AGB&#8221;) regeln die Bedingungen, f\u00fcr auf <a href=\"https:\/\/magazin.ehorses.de\/blog\/\">magazin.ehorses.de\/blog<\/a>. (nachfolgend &#8220;ehorses Blog&#8221;) ver\u00f6ffentlichten Inhalten. Der ehorses Blog wird als Portal von der ehorses GmbH &amp;Co.KG betrieben (nachfolgend \u201eehorses). Die einzelnen Blogbeitr\u00e4ge auf <a href=\"https:\/\/magazin.ehorses.de\/blog\/\">magazin.ehorses.de\/blog<\/a> werden allerdings \u00fcberwiegend von den jeweiligen Bloggern selbst erstellt. Die Verfasser tragen die inhaltliche Verantwortung.<\/p>\n<ol start=\"2\">\n<li>Das Portal &#8220;<a href=\"https:\/\/magazin.ehorses.de\/blog\/\">magazin.ehorses.de\/blog<\/a>&#8220;<\/li>\n<\/ol>\n<p>2.1 Der ehorses Blog ist eine multimediale Plattform, auf welcher Inhalte ver\u00f6ffentlicht werden k\u00f6nnen. Unterschiedliche individuelle Blogger ver\u00f6ffentlichen auf dem ehorses Blog ihre Blogbeitr\u00e4ge. Die Blogger sind dabei allein f\u00fcr die Erstellung, Pflege und Gestaltung ihrer Inhalte selbst verantwortlich.<br \/>\nNicht registrierte Nutzer k\u00f6nnen Eintr\u00e4ge lesen, kommentieren und weiterverbreiten.<\/p>\n<p>2.2 Der ehorses Blog ist kein statisches Angebot, sondern wird laufend weiterentwickelt und angepasst. Hierdurch k\u00f6nnen jederzeit neue Funktionen eingef\u00fchrt oder bestehende Funktionen entfernt werden.<\/p>\n<p>2.3 ehorses stellt dem Blogger ein Profil zur Verf\u00fcgung. Blogger k\u00f6nnen dort Informationen eintragen und ihre eigenen Social Media Kan\u00e4le oder Webseiten verlinken. Die Daten sind \u00f6ffentlich einsehbar. F\u00fcr die Nutzung ist eine Registrierung bei ehorses unter <a href=\"mailto:support@ehorses.de\">support@ehorses.de<\/a> erforderlich.<\/p>\n<p>2.4. Der Betreiber ehorses beh\u00e4lt sich vor die Nutzer per E-Mail zu kontaktieren.<\/p>\n<ol start=\"3\">\n<li>Inhalte der Blogbeitr\u00e4ge \/ Urheberrecht<\/li>\n<\/ol>\n<p>3.1 Die Ersteller der Blogeintr\u00e4ge auf dem ehorses Blog stellen Inhalte, darunter Informationen und weitere Daten, sowie Hyperlinks zu anderen Webseiten zur Verf\u00fcgung. Diese Informationen und Daten dienen allein Informationszwecken, ohne dass sich der Nutzer auf die Aktualit\u00e4t, Richtigkeit oder Vollst\u00e4ndigkeit der Informationen berufen oder verlassen kann. Weder die Blogger noch ehorses \u00fcbernehmen insofern eine Garantie oder Haftung, insbesondere nicht f\u00fcr direkte oder indirekte Sch\u00e4den, die durch die Nutzung der Informationen oder Inhalte, die auf <a href=\"https:\/\/magazin.ehorses.de\/blog\/\">magazin.ehorses.de\/blog<\/a> zu finden sind, entstehen. Weder die Blogger noch ehorses \u00fcbernehmen eine Verantwortung f\u00fcr Inhalte oder die Funktionsf\u00e4higkeit, Fehlerfreiheit oder Rechtm\u00e4\u00dfigkeit von Webseiten Dritter, auf die mittels Link von <a href=\"https:\/\/magazin.ehorses.de\/blog\/\">magazin.ehorses.de\/blog<\/a> aus verwiesen wird.<\/p>\n<p>3.2 Der Inhalt auf <a href=\"https:\/\/magazin.ehorses.de\/blog\/\">magazin.ehorses.de\/blog<\/a> und der Blogbeitr\u00e4ge ist urheberrechtlich gesch\u00fctzt. Die Vervielf\u00e4ltigung, \u00c4nderung oder Speicherung von Informationen oder Daten, insbesondere von Texten, Textteilen oder Bildmaterial, bedarf der vorherigen Zustimmung von ehorses.<\/p>\n<ol start=\"4\">\n<li>Registrierung und Zugangsdaten<\/li>\n<\/ol>\n<p>4.1 Um Inhalte auf <a href=\"https:\/\/magazin.ehorses.de\/blog\/\">magazin.ehorses.de\/blog<\/a> verbreiten zu k\u00f6nnen, muss sich der Nutzer vorher unter <a href=\"mailto:support@ehorses.de\">support@ehorses.de<\/a> formlos bewerben. Ein Anspruch auf eine Anmeldung besteht nicht. Nutzungsberechtigt sind nur voll gesch\u00e4ftsf\u00e4hige Nutzer und solche, die mit Zustimmung ihrer gesetzlichen Vertreter handeln. Mit Registrierung werden \u2013 sofern diese eingegeben wurden \u2013 die nachfolgenden Angaben aus dem Nutzer-Profil f\u00fcr s\u00e4mtliche <a href=\"https:\/\/magazin.ehorses.de\/blog\/\">magazin.ehorses.de\/blog<\/a>-Nutzer sichtbar: Benutzername, Profilbild, Kurzbeschreibung, Blogeintr\u00e4ge und s\u00e4mtliche Verlinkungen. Die Angabe eines Benutzernamens bei der Anmeldung als Nutzer ist notwendig.<\/p>\n<p>4.2 Der Nutzer ist verpflichtet, s\u00e4mtliche im Bewerbungsverfahren erforderliche Daten wahrheitsgem\u00e4\u00df und korrekt anzugeben. Die Richtigkeit der Angaben von Nutzern wird vom Betreiber in der Regel nicht gepr\u00fcft. Der Betreiber beh\u00e4lt sich jedoch vor, die Richtigkeit der Angaben im Einzelfall zu pr\u00fcfen und ggf. entsprechende Belege vom Nutzer anzufordern. Eine Angabe des echten Namens ist zur Nutzung jedoch nicht erforderlich. Das Angebot kann auch nur unter einem Benutzernamen genutzt werden.<\/p>\n<p>4.3 Der Nutzer ist verpflichtet, sein Passwort geheim zu halten und nicht an Dritte weiterzugeben. Sollte ein Nutzer Kenntnis von Tatsachen erlangen, die auf die Gefahr schlie\u00dfen lassen, dass Dritte Kenntnis von seinem Passwort erlangt haben oder dies nutzen, ist der Nutzer verpflichtet, sein Passwort umgehend zu \u00e4ndern oder den Betreiber hier\u00fcber unverz\u00fcglich zu informieren.<\/p>\n<ol start=\"5\">\n<li>Verantwortlichkeit und verbotene Inhalte<\/li>\n<\/ol>\n<p>5.1 Der Nutzer ist alleine f\u00fcr die von ihm eingestellten Inhalte und die Kommunikation mit anderen, verantwortlich. Der Nutzer ist verpflichtet, die Rechte und Interessen der anderen Nutzer oder sonstiger Dritter, insbesondere deren Pers\u00f6nlichkeitsrechte, zu wahren.<\/p>\n<p>5.2 Der Nutzer verpflichtet sich, auf <a href=\"https:\/\/magazin.ehorses.de\/blog\/\">magazin.ehorses.de\/blog<\/a> und insbesondere auf der Profilseite und in den Kommentaren Inhalte einzustellen, die nicht gegen gesetzliche Bestimmungen oder die \u201eguten Sitten\u201c versto\u00dfen. Verboten sind insbesondere die folgenden Inhalte:<\/p>\n<p>\u2022 Rechtswidrige\/strafbare Inhalte gleich welcher Art,<\/p>\n<p>\u2022 Pornographische Inhalte,<\/p>\n<p>\u2022 Inhalte, die gegen \u00a7 4 Abs. 2 Jugendmedienschutz-Staatsvertrag (JMStV) versto\u00dfen oder entwicklungsbeeintr\u00e4chtigende Inhalte gem\u00e4\u00df \u00a7 5 JMStV,<\/p>\n<p>\u2022 Gewaltdarstellung und die Darstellung von Drogenmissbrauch,<\/p>\n<p>\u2022 Die Darstellung radikaler Auffassungen politischer, religi\u00f6ser oder weltanschaulicher Art (insbesondere unter Verwendung von Symbolen oder Zeichen solcher Anschauungen),<\/p>\n<p>\u2022 Bedrohende, rassistische, gewaltverherrlichende, verleumderische, bel\u00e4stigende oder anst\u00f6\u00dfige Inhalte sowie<\/p>\n<p>\u2022 Inhalte, die gegen das Anstands- oder Sittengef\u00fchl der Durchschnittsbev\u00f6lkerung versto\u00dfen oder sonst f\u00fcr Kinder oder Jugendliche ungeeignet sind.<\/p>\n<p>Unzul\u00e4ssig sind auch Hyperlinks zu derartigen Inhalten.<\/p>\n<p>4.3\u00a0<a href=\"https:\/\/magazin.ehorses.de\/blog\/\">magazin.ehorses.de\/blog<\/a> wird ausschlie\u00dflich f\u00fcr private Zwecke angeboten. Der Nutzer verpflichtet sich daher insbesondere,<\/p>\n<p>\u2022 keine Inhalte einzustellen, die kommerzielle Interessen verfolgen (beispielsweise Spamming),<\/p>\n<p>\u2022 keine wettbewerbswidrigen Handlungen vorzunehmen oder zu f\u00f6rdern, einschlie\u00dflich progressiver Kundenwerbung (wie Ketten-, Schneeball- oder Pyramidensysteme),<\/p>\n<p>\u2022 keinen Versuch zu unternehmen, unberechtigten Zugriff auf Daten Dritter zu erlangen oder durch technische Einrichtungen oder sonstige Ma\u00dfnahmen die Funktion von <a href=\"https:\/\/magazin.ehorses.de\/blog\/\">magazin.ehorses.de\/blog<\/a> zu beeintr\u00e4chtigen.<\/p>\n<p>5.4 Der Nutzer ist daf\u00fcr verantwortlich, dass die von ihm auf der Profilseite oder sonst auf <a href=\"https:\/\/magazin.ehorses.de\/blog\/\">magazin.ehorses.de\/blog<\/a> eingestellten Inhalte frei von Viren, W\u00fcrmern, Trojanern oder sonstigen Programmen sind, die die Funktionsf\u00e4higkeit oder den Bestand von <a href=\"https:\/\/magazin.ehorses.de\/blog\/\">magazin.ehorses.de\/blog<\/a> oder anderen Webseiten gef\u00e4hrden oder beeintr\u00e4chtigen k\u00f6nnen.<\/p>\n<p>5.5 Der Nutzer tr\u00e4gt die Verantwortung daf\u00fcr, dass durch das Einstellen seiner Inhalte (Kommentare, Profilname, Kurzbeschreibung) keine Rechte Dritter, wie insbesondere Pers\u00f6nlichkeitsrechte, Urheber- und Leistungsschutzrechte oder sonstige Rechte, verletzt werden. Der Nutzer ist verpflichtet, vor der Einstellung von Inhalten sorgf\u00e4ltig zu pr\u00fcfen, ob durch das Einstellen von Inhalten auf <a href=\"https:\/\/magazin.ehorses.de\/blog\/\">magazin.ehorses.de\/blog<\/a> Rechte Dritter verletzt werden.<\/p>\n<p>5.6 Der Betreiber ist f\u00fcr Nutzungshandlungen anderer Nutzer von <a href=\"https:\/\/magazin.ehorses.de\/blog\/\">magazin.ehorses.de\/blog<\/a> oder sonstiger Dritter nicht verantwortlich.<\/p>\n<ol start=\"6\">\n<li>Sperrung von Inhalten, Schadensersatz und Freistellung des Betreibers durch den Nutzer<\/li>\n<\/ol>\n<p>6.1 Liegen tats\u00e4chliche Anhaltspunkte vor, die den Verdacht begr\u00fcnden, dass vom Nutzer eingestellte Inhalte (insbesondere auf den Profilseiten und in der \u00f6ffentlichen Kommunikation) nicht den Anforderungen in Ziffer 4 dieser AGB gen\u00fcgen oder Rechte Dritter verletzen, ist der Betreiber ohne Weiteres berechtigt, diese Inhalte oder das Profil des Nutzers zu sperren oder zu l\u00f6schen. Bei der Entscheidung \u00fcber die im Einzelnen zu treffende Ma\u00dfnahme wird der Betreiber die berechtigten Interessen des Nutzers sowie die Schwere des Versto\u00dfes ber\u00fccksichtigen. Ungeachtet der Berechtigung, solche Inhalte zu sperren oder zu entfernen, bleibt der Betreiber berechtigt, das Vertragsverh\u00e4ltnis mit dem Nutzer insgesamt unter den Voraussetzungen der Ziffer 7 dieser AGB zu k\u00fcndigen und\/oder sonstige Anspr\u00fcche (insbesondere Schadensersatzanspr\u00fcche) gegen diesen geltend zu machen.<\/p>\n<p>6.2 Der Nutzer ist dem Betreiber zum Ersatz der Sch\u00e4den verpflichtet, die dem Betreiber aus einer Verletzung der Pflichten des Nutzers entstehen, es sei denn, der Nutzer hat die Pflichtverletzung nicht zu vertreten. Der Nutzer stellt den Betreiber insbesondere von s\u00e4mtlichen Anspr\u00fcchen Dritter frei, die sich aus einer Verletzung der Pflichten des Nutzers aus diesen AGB (insbesondere Ziffer 4 und 5) ergeben, es sei denn, der Nutzer hat die Pflichtverletzung nicht zu vertreten.<\/p>\n<ol start=\"7\">\n<li>Dauer der Nutzungsberechtigung<\/li>\n<\/ol>\n<p>7.1 Der Nutzer kann jederzeit durch Abmeldung seine Mitgliedschaft beenden. Der Betreiber ist berechtigt, das Vertragsverh\u00e4ltnis mit dem Nutzer ordentlich mit einer Frist von zwei Wochen zu k\u00fcndigen.<\/p>\n<p>7.2 Das Recht zur au\u00dferordentlichen K\u00fcndigung aus wichtigem Grund bleibt hiervon unber\u00fchrt. Ein wichtiger Grund liegt insbesondere vor, wenn eine der Parteien gegen Verpflichtungen aus diesen AGB versto\u00dfen hat. Weiterhin kann ein wichtiger Grund auch bei einem Versto\u00df gegen sonstige Regeln von <a href=\"https:\/\/magazin.ehorses.de\/blog\/\">magazin.ehorses.de\/blog<\/a> vorliegen.<\/p>\n<p>7.3 Besteht der wichtige Grund in der Verletzung einer Pflicht aus diesen AGB und\/oder der sonstigen Regeln von <a href=\"https:\/\/magazin.ehorses.de\/blog\/\">magazin.ehorses.de\/blog<\/a>, ist die K\u00fcndigung erst nach erfolglosem Ablauf einer zur Abhilfe bestimmten Frist oder nach erfolgloser Abmahnung des Nutzers zul\u00e4ssig. Einer Abhilfefrist oder einer Abmahnung bedarf es jedoch nicht, wenn der Nutzer die Erf\u00fcllung seiner Verpflichtungen ernsthaft und endg\u00fcltig verweigert oder besondere Umst\u00e4nde vorliegen, die unter Abw\u00e4gung der beiderseitigen Interessen eine sofortige K\u00fcndigung rechtfertigen.<\/p>\n<p>8. Verantwortlichkeit und Haftung<\/p>\n<p>&nbsp;<\/p>\n<p>8.1. Der Betreiber ist allein f\u00fcr das Portal <a href=\"https:\/\/magazin.ehorses.de\/blog\/\">magazin.ehorses.de\/blog<\/a> an sich verantwortlich, &#8211; soweit nicht anders gekennzeichnet &#8211; nicht jedoch f\u00fcr die von Bloggern in \u201eihren\u201c Blogs dort eingestellten Inhalte. Der Betreiber stellt den Bloggern lediglich die Fl\u00e4che f\u00fcr ihren Blog zur Verf\u00fcgung. Die rechtliche Verantwortung hierf\u00fcr liegt allein bei den Bloggern. Der Verantwortliche ergibt sich jeweils aus dem Impressum des jeweiligen Blogs.<\/p>\n<p>8.2 Der Betreiber haftet nur f\u00fcr Sch\u00e4den, die auf einer vors\u00e4tzlichen oder grob fahrl\u00e4ssigen Verletzung des Nutzungsverh\u00e4ltnisses beruhen, sowie f\u00fcr Sch\u00e4den, die sich aus leicht fahrl\u00e4ssigen Verletzungen wesentlicher Pflichten, d.h. Pflichten deren Erf\u00fcllung die ordnungsgem\u00e4\u00dfe Durchf\u00fchrung des Nutzungsverh\u00e4ltnisses \u00fcberhaupt erst erm\u00f6glicht und auf deren Einhaltung der Nutzer regelm\u00e4\u00dfig vertraut und vertrauen darf, ergeben. Im letzteren Fall ist die Haftung des Betreibers begrenzt auf den bei Vertragsschluss typischerweise vorhersehbaren Schaden. Die Haftung des Betreibers f\u00fcr Sch\u00e4den an Leben, K\u00f6rper und Gesundheit sowie nach dem Produkthaftungsgesetz bleibt unber\u00fchrt.<\/p>\n<p>8.3 Schadensersatzanspr\u00fcche gegen den Betreiber verj\u00e4hren nach Ablauf von 12 Monaten seit ihrer Entstehung. Ausgenommen sind solche Anspr\u00fcche, die auf einer vors\u00e4tzlichen oder unerlaubten Handlung basieren sowie solche, die eine Haftung nach dem Produkthaftungsgesetz zum Gegenstand haben.<\/p>\n<p>8.4 Die vorstehenden Haftungsbegrenzungen gelten auch f\u00fcr mit dem Betreiber verbundene Unternehmen sowie f\u00fcr eine pers\u00f6nliche Haftung der Angestellten, Vertreter, Gesellschafter und Erf\u00fcllungsgehilfen des Betreibers und\/oder mit dem Betreiber verbundene Unternehmen.<\/p>\n<p>&nbsp;<\/p>\n","protected":false},"excerpt":{"rendered":"<p>ehorses Blog Geltungsbereich Die nachfolgenden Allgemeinen Gesch\u00e4ftsbedingungen (&#8220;AGB&#8221;) regeln die Bedingungen, f\u00fcr auf magazin.ehorses.de\/blog. (nachfolgend&hellip;<\/p>\n","protected":false},"author":6,"featured_media":0,"parent":0,"menu_order":0,"comment_status":"closed","ping_status":"closed","template":"","meta":{"_lmt_disableupdate":"","_lmt_disable":"","footnotes":""},"class_list":["post-3700","page","type-page","status-publish","hentry"],"_oembed_6e2261a90c0f61b3f6e5cbf5248ae69a":null,"_oembed_d83ed97665bbfe5cbf2a5acd0571bfe8":null,"_oembed_879340bd3c064234a240bcda2f369c23":null,"_oembed_519616b8842fb308e7a3039c04f55a79":null,"acf":[],"yoast_head":"<!-- This site is optimized with the Yoast SEO plugin v26.9 - https:\/\/yoast.com\/product\/yoast-seo-wordpress\/ -->\n<title>Nutzungsbedingungen f\u00fcr ehorses Blogger - ehorses Magazin<\/title>\n<meta name=\"robots\" content=\"index, follow, max-snippet:-1, max-image-preview:large, max-video-preview:-1\" \/>\n<link rel=\"canonical\" href=\"https:\/\/www.ehorses.de\/magazin\/nutzungsbedingungen\/\" \/>\n<meta property=\"og:locale\" content=\"de_DE\" \/>\n<meta property=\"og:type\" content=\"article\" \/>\n<meta property=\"og:title\" content=\"Nutzungsbedingungen f\u00fcr ehorses Blogger - ehorses Magazin\" \/>\n<meta property=\"og:description\" content=\"ehorses Blog Geltungsbereich Die nachfolgenden Allgemeinen Gesch\u00e4ftsbedingungen (&#8220;AGB&#8221;) regeln die Bedingungen, f\u00fcr auf magazin.ehorses.de\/blog. (nachfolgend&hellip;\" \/>\n<meta property=\"og:url\" content=\"https:\/\/www.ehorses.de\/magazin\/nutzungsbedingungen\/\" \/>\n<meta property=\"og:site_name\" content=\"ehorses Magazin\" \/>\n<meta name=\"twitter:card\" content=\"summary_large_image\" \/>\n<meta name=\"twitter:label1\" content=\"Gesch\u00e4tzte Lesezeit\" \/>\n\t<meta name=\"twitter:data1\" content=\"8\u00a0Minuten\" \/>\n<script type=\"application\/ld+json\" class=\"yoast-schema-graph\">{\"@context\":\"https:\/\/schema.org\",\"@graph\":[{\"@type\":\"WebPage\",\"@id\":\"https:\/\/www.ehorses.de\/magazin\/nutzungsbedingungen\/\",\"url\":\"https:\/\/www.ehorses.de\/magazin\/nutzungsbedingungen\/\",\"name\":\"Nutzungsbedingungen f\u00fcr ehorses Blogger - ehorses Magazin\",\"isPartOf\":{\"@id\":\"https:\/\/www.ehorses.de\/magazin\/#website\"},\"datePublished\":\"2017-02-23T08:55:13+00:00\",\"breadcrumb\":{\"@id\":\"https:\/\/www.ehorses.de\/magazin\/nutzungsbedingungen\/#breadcrumb\"},\"inLanguage\":\"de\",\"potentialAction\":[{\"@type\":\"ReadAction\",\"target\":[\"https:\/\/www.ehorses.de\/magazin\/nutzungsbedingungen\/\"]}]},{\"@type\":\"BreadcrumbList\",\"@id\":\"https:\/\/www.ehorses.de\/magazin\/nutzungsbedingungen\/#breadcrumb\",\"itemListElement\":[{\"@type\":\"ListItem\",\"position\":1,\"name\":\"Startseite\",\"item\":\"https:\/\/www.ehorses.de\/magazin\/\"},{\"@type\":\"ListItem\",\"position\":2,\"name\":\"Nutzungsbedingungen f\u00fcr ehorses Blogger\"}]},{\"@type\":\"WebSite\",\"@id\":\"https:\/\/www.ehorses.de\/magazin\/#website\",\"url\":\"https:\/\/www.ehorses.de\/magazin\/\",\"name\":\"ehorses Magazin\",\"description\":\"\",\"potentialAction\":[{\"@type\":\"SearchAction\",\"target\":{\"@type\":\"EntryPoint\",\"urlTemplate\":\"https:\/\/www.ehorses.de\/magazin\/?s={search_term_string}\"},\"query-input\":{\"@type\":\"PropertyValueSpecification\",\"valueRequired\":true,\"valueName\":\"search_term_string\"}}],\"inLanguage\":\"de\"}]}<\/script>\n<!-- \/ Yoast SEO plugin. -->","yoast_head_json":{"title":"Nutzungsbedingungen f\u00fcr ehorses Blogger - ehorses Magazin","robots":{"index":"index","follow":"follow","max-snippet":"max-snippet:-1","max-image-preview":"max-image-preview:large","max-video-preview":"max-video-preview:-1"},"canonical":"https:\/\/www.ehorses.de\/magazin\/nutzungsbedingungen\/","og_locale":"de_DE","og_type":"article","og_title":"Nutzungsbedingungen f\u00fcr ehorses Blogger - ehorses Magazin","og_description":"ehorses Blog Geltungsbereich Die nachfolgenden Allgemeinen Gesch\u00e4ftsbedingungen (&#8220;AGB&#8221;) regeln die Bedingungen, f\u00fcr auf magazin.ehorses.de\/blog. (nachfolgend&hellip;","og_url":"https:\/\/www.ehorses.de\/magazin\/nutzungsbedingungen\/","og_site_name":"ehorses Magazin","twitter_card":"summary_large_image","twitter_misc":{"Gesch\u00e4tzte Lesezeit":"8\u00a0Minuten"},"schema":{"@context":"https:\/\/schema.org","@graph":[{"@type":"WebPage","@id":"https:\/\/www.ehorses.de\/magazin\/nutzungsbedingungen\/","url":"https:\/\/www.ehorses.de\/magazin\/nutzungsbedingungen\/","name":"Nutzungsbedingungen f\u00fcr ehorses Blogger - ehorses Magazin","isPartOf":{"@id":"https:\/\/www.ehorses.de\/magazin\/#website"},"datePublished":"2017-02-23T08:55:13+00:00","breadcrumb":{"@id":"https:\/\/www.ehorses.de\/magazin\/nutzungsbedingungen\/#breadcrumb"},"inLanguage":"de","potentialAction":[{"@type":"ReadAction","target":["https:\/\/www.ehorses.de\/magazin\/nutzungsbedingungen\/"]}]},{"@type":"BreadcrumbList","@id":"https:\/\/www.ehorses.de\/magazin\/nutzungsbedingungen\/#breadcrumb","itemListElement":[{"@type":"ListItem","position":1,"name":"Startseite","item":"https:\/\/www.ehorses.de\/magazin\/"},{"@type":"ListItem","position":2,"name":"Nutzungsbedingungen f\u00fcr ehorses Blogger"}]},{"@type":"WebSite","@id":"https:\/\/www.ehorses.de\/magazin\/#website","url":"https:\/\/www.ehorses.de\/magazin\/","name":"ehorses Magazin","description":"","potentialAction":[{"@type":"SearchAction","target":{"@type":"EntryPoint","urlTemplate":"https:\/\/www.ehorses.de\/magazin\/?s={search_term_string}"},"query-input":{"@type":"PropertyValueSpecification","valueRequired":true,"valueName":"search_term_string"}}],"inLanguage":"de"}]}},"_links":{"self":[{"href":"https:\/\/www.ehorses.de\/magazin\/wp-json\/wp\/v2\/pages\/3700","targetHints":{"allow":["GET"]}}],"collection":[{"href":"https:\/\/www.ehorses.de\/magazin\/wp-json\/wp\/v2\/pages"}],"about":[{"href":"https:\/\/www.ehorses.de\/magazin\/wp-json\/wp\/v2\/types\/page"}],"author":[{"embeddable":true,"href":"https:\/\/www.ehorses.de\/magazin\/wp-json\/wp\/v2\/users\/6"}],"replies":[{"embeddable":true,"href":"https:\/\/www.ehorses.de\/magazin\/wp-json\/wp\/v2\/comments?post=3700"}],"version-history":[{"count":0,"href":"https:\/\/www.ehorses.de\/magazin\/wp-json\/wp\/v2\/pages\/3700\/revisions"}],"wp:attachment":[{"href":"https:\/\/www.ehorses.de\/magazin\/wp-json\/wp\/v2\/media?parent=3700"}],"curies":[{"name":"wp","href":"https:\/\/api.w.org\/{rel}","templated":true}]}}