{"id":58226,"date":"2023-03-31T10:26:30","date_gmt":"2023-03-31T08:26:30","guid":{"rendered":"https:\/\/www.ehorses.de\/magazin\/?page_id=58226"},"modified":"2025-04-30T16:10:41","modified_gmt":"2025-04-30T14:10:41","slug":"ehorses-newsletter","status":"publish","type":"page","link":"https:\/\/www.ehorses.de\/magazin\/ehorses-newsletter\/","title":{"rendered":"ehorses Newsletter Anmeldung"},"content":{"rendered":"\t\t<div data-elementor-type=\"wp-page\" data-elementor-id=\"58226\" class=\"elementor elementor-58226\" data-elementor-post-type=\"page\">\n\t\t\t\t\t\t<section data-particle_enable=\"false\" data-particle-mobile-disabled=\"false\" class=\"penci-section penci-disSticky penci-structure-10 elementor-section elementor-top-section elementor-element elementor-element-1949d486 elementor-section-full_width elementor-section-height-default elementor-section-height-default\" data-id=\"1949d486\" data-element_type=\"section\" data-e-type=\"section\" id=\"Anmeldung\">\n\t\t\t\t\t\t\t<div class=\"elementor-background-overlay\"><\/div>\n\t\t\t\t\t\t\t<div class=\"elementor-container elementor-column-gap-default\">\n\t\t\t\t\t<div class=\"penci-ercol-100 penci-ercol-order-1 penci-sticky-ct    elementor-column elementor-col-100 elementor-top-column elementor-element elementor-element-4b6cb1e6\" data-id=\"4b6cb1e6\" data-element_type=\"column\" data-e-type=\"column\">\n\t\t\t<div class=\"elementor-widget-wrap elementor-element-populated\">\n\t\t\t\t\t\t<section data-particle_enable=\"false\" data-particle-mobile-disabled=\"false\" class=\"penci-section penci-disSticky penci-structure-20 elementor-section elementor-inner-section elementor-element elementor-element-5b1781a elementor-section-boxed elementor-section-height-default elementor-section-height-default\" data-id=\"5b1781a\" data-element_type=\"section\" data-e-type=\"section\">\n\t\t\t\t\t\t<div class=\"elementor-container elementor-column-gap-default\">\n\t\t\t\t\t<div class=\"penci-ercol-50 penci-ercol-order-1 penci-sticky-ct    elementor-column elementor-col-50 elementor-inner-column elementor-element elementor-element-ef315ae\" data-id=\"ef315ae\" data-element_type=\"column\" data-e-type=\"column\">\n\t\t\t<div class=\"elementor-widget-wrap elementor-element-populated\">\n\t\t\t\t\t\t<div class=\"elementor-element elementor-element-93813a0 elementor-widget elementor-widget-image\" data-id=\"93813a0\" data-element_type=\"widget\" data-e-type=\"widget\" data-widget_type=\"image.default\">\n\t\t\t\t<div class=\"elementor-widget-container\">\n\t\t\t\t\t\t\t\t\t\t\t\t\t\t\t<img fetchpriority=\"high\" decoding=\"async\" width=\"400\" height=\"400\" src=\"https:\/\/www.ehorses.de\/magazin\/wp-content\/uploads\/Design-ohne-Titel-64-2.png\" class=\"attachment-large size-large wp-image-75418\" alt=\"\" srcset=\"https:\/\/www.ehorses.de\/magazin\/wp-content\/uploads\/Design-ohne-Titel-64-2.png 400w, https:\/\/www.ehorses.de\/magazin\/wp-content\/uploads\/Design-ohne-Titel-64-2-300x300.png 300w, https:\/\/www.ehorses.de\/magazin\/wp-content\/uploads\/Design-ohne-Titel-64-2-150x150.png 150w, https:\/\/www.ehorses.de\/magazin\/wp-content\/uploads\/Design-ohne-Titel-64-2-24x24.png 24w, https:\/\/www.ehorses.de\/magazin\/wp-content\/uploads\/Design-ohne-Titel-64-2-48x48.png 48w, https:\/\/www.ehorses.de\/magazin\/wp-content\/uploads\/Design-ohne-Titel-64-2-96x96.png 96w\" sizes=\"(max-width: 400px) 100vw, 400px\" \/>\t\t\t\t\t\t\t\t\t\t\t\t\t\t\t<\/div>\n\t\t\t\t<\/div>\n\t\t\t\t\t<\/div>\n\t\t<\/div>\n\t\t\t\t<div class=\"penci-ercol-50 penci-ercol-order-2 penci-sticky-ct    elementor-column elementor-col-50 elementor-inner-column elementor-element elementor-element-396640e\" data-id=\"396640e\" data-element_type=\"column\" data-e-type=\"column\">\n\t\t\t<div class=\"elementor-widget-wrap elementor-element-populated\">\n\t\t\t\t\t\t<div class=\"elementor-element elementor-element-22d3908 elementor-widget elementor-widget-text-editor\" data-id=\"22d3908\" data-element_type=\"widget\" data-e-type=\"widget\" data-widget_type=\"text-editor.default\">\n\t\t\t\t<div class=\"elementor-widget-container\">\n\t\t\t\t\t\t\t\t\t<p>Der Newsletter f\u00fcr Pferdebegeisterte!<\/p>\t\t\t\t\t\t\t\t<\/div>\n\t\t\t\t<\/div>\n\t\t\t\t<div class=\"elementor-element elementor-element-2fd4052 elementor-widget elementor-widget-text-editor\" data-id=\"2fd4052\" data-element_type=\"widget\" data-e-type=\"widget\" data-widget_type=\"text-editor.default\">\n\t\t\t\t<div class=\"elementor-widget-container\">\n\t\t\t\t\t\t\t\t\t<p>Jetzt abonnieren: Spannende Ratgeber, aktuelle News, Mega Gewinnspiele &amp; vieles mehr.<\/p>\t\t\t\t\t\t\t\t<\/div>\n\t\t\t\t<\/div>\n\t\t\t\t<div class=\"elementor-element elementor-element-1ca9fec elementor-widget elementor-widget-html\" data-id=\"1ca9fec\" data-element_type=\"widget\" data-e-type=\"widget\" data-widget_type=\"html.default\">\n\t\t\t\t<div class=\"elementor-widget-container\">\n\t\t\t\t\t<iframe style=\"color: inherit; font-family: inherit; font-size: inherit; font-weight: inherit; text-align: inherit; height: 335px;\" src=\"https:\/\/redir.ehorses.de\/wgt\/v7m4\/x0s0\/form?c=34d1091b\"><\/iframe>\r\n\r\n<script type=\"text\/javascript\" src=\"https:\/\/app.mailjet.com\/pas-nc-embedded-v1.js\"><\/script>\t\t\t\t<\/div>\n\t\t\t\t<\/div>\n\t\t\t\t\t<\/div>\n\t\t<\/div>\n\t\t\t\t\t<\/div>\n\t\t<\/section>\n\t\t\t\t\t<\/div>\n\t\t<\/div>\n\t\t\t\t\t<\/div>\n\t\t<\/section>\n\t\t\t\t<section data-particle_enable=\"false\" data-particle-mobile-disabled=\"false\" class=\"penci-section penci-disSticky penci-structure-10 elementor-section elementor-top-section elementor-element elementor-element-ba0ef68 elementor-section-boxed elementor-section-height-default elementor-section-height-default\" data-id=\"ba0ef68\" data-element_type=\"section\" data-e-type=\"section\">\n\t\t\t\t\t\t\t<div class=\"elementor-background-overlay\"><\/div>\n\t\t\t\t\t\t\t<div class=\"elementor-container elementor-column-gap-default\">\n\t\t\t\t\t<div class=\"penci-ercol-100 penci-ercol-order-1 penci-sticky-ct    elementor-column elementor-col-100 elementor-top-column elementor-element elementor-element-b661c45\" data-id=\"b661c45\" data-element_type=\"column\" data-e-type=\"column\">\n\t\t\t<div class=\"elementor-widget-wrap elementor-element-populated\">\n\t\t\t\t\t\t<section data-particle_enable=\"false\" data-particle-mobile-disabled=\"false\" class=\"penci-section penci-disSticky penci-structure-20 elementor-section elementor-inner-section elementor-element elementor-element-f3ae8fc elementor-section-boxed elementor-section-height-default elementor-section-height-default\" data-id=\"f3ae8fc\" data-element_type=\"section\" data-e-type=\"section\">\n\t\t\t\t\t\t\t<div class=\"elementor-background-overlay\"><\/div>\n\t\t\t\t\t\t\t<div class=\"elementor-container elementor-column-gap-default\">\n\t\t\t\t\t<div class=\"penci-ercol-50 penci-ercol-order-1 penci-sticky-ct    elementor-column elementor-col-50 elementor-inner-column elementor-element elementor-element-434d16d\" data-id=\"434d16d\" data-element_type=\"column\" data-e-type=\"column\">\n\t\t\t<div class=\"elementor-widget-wrap elementor-element-populated\">\n\t\t\t\t\t\t<div class=\"elementor-element elementor-element-40e588f elementor-widget elementor-widget-image\" data-id=\"40e588f\" data-element_type=\"widget\" data-e-type=\"widget\" data-widget_type=\"image.default\">\n\t\t\t\t<div class=\"elementor-widget-container\">\n\t\t\t\t\t\t\t\t\t\t\t\t\t\t\t\t<a href=\"#Anmeldung\">\n\t\t\t\t\t\t\t<img decoding=\"async\" width=\"400\" height=\"400\" src=\"https:\/\/www.ehorses.de\/magazin\/wp-content\/uploads\/Design-ohne-Titel-66-1.png\" class=\"attachment-large size-large wp-image-75424\" alt=\"\" srcset=\"https:\/\/www.ehorses.de\/magazin\/wp-content\/uploads\/Design-ohne-Titel-66-1.png 400w, https:\/\/www.ehorses.de\/magazin\/wp-content\/uploads\/Design-ohne-Titel-66-1-300x300.png 300w, https:\/\/www.ehorses.de\/magazin\/wp-content\/uploads\/Design-ohne-Titel-66-1-150x150.png 150w, https:\/\/www.ehorses.de\/magazin\/wp-content\/uploads\/Design-ohne-Titel-66-1-24x24.png 24w, https:\/\/www.ehorses.de\/magazin\/wp-content\/uploads\/Design-ohne-Titel-66-1-48x48.png 48w, https:\/\/www.ehorses.de\/magazin\/wp-content\/uploads\/Design-ohne-Titel-66-1-96x96.png 96w\" sizes=\"(max-width: 400px) 100vw, 400px\" \/>\t\t\t\t\t\t\t\t<\/a>\n\t\t\t\t\t\t\t\t\t\t\t\t\t\t\t<\/div>\n\t\t\t\t<\/div>\n\t\t\t\t\t<\/div>\n\t\t<\/div>\n\t\t\t\t<div class=\"penci-ercol-50 penci-ercol-order-2 penci-sticky-ct    elementor-column elementor-col-50 elementor-inner-column elementor-element elementor-element-9b3a8c5\" data-id=\"9b3a8c5\" data-element_type=\"column\" data-e-type=\"column\">\n\t\t\t<div class=\"elementor-widget-wrap elementor-element-populated\">\n\t\t\t\t\t\t<div class=\"elementor-element elementor-element-c78a318 elementor-widget elementor-widget-text-editor\" data-id=\"c78a318\" data-element_type=\"widget\" data-e-type=\"widget\" data-widget_type=\"text-editor.default\">\n\t\t\t\t<div class=\"elementor-widget-container\">\n\t\t\t\t\t\t\t\t\t<p>4 gute Gr\u00fcnde f\u00fcr den Newsletter von ehorses:<\/p>\t\t\t\t\t\t\t\t<\/div>\n\t\t\t\t<\/div>\n\t\t\t\t<div class=\"elementor-element elementor-element-7973d84 elementor-list-item-link-full_width elementor-widget elementor-widget-icon-list\" data-id=\"7973d84\" data-element_type=\"widget\" data-e-type=\"widget\" data-widget_type=\"icon-list.default\">\n\t\t\t\t<div class=\"elementor-widget-container\">\n\t\t\t\t\t\t\t<ul class=\"elementor-icon-list-items\">\n\t\t\t\t\t\t\t<li class=\"elementor-icon-list-item\">\n\t\t\t\t\t\t\t\t\t\t\t<span class=\"elementor-icon-list-icon\">\n\t\t\t\t\t\t\t<i aria-hidden=\"true\" class=\"fas fa-check\"><\/i>\t\t\t\t\t\t<\/span>\n\t\t\t\t\t\t\t\t\t\t<span class=\"elementor-icon-list-text\">Erfahre vor allen anderen von neuen Gewinnspielen und Produkttests <\/span>\n\t\t\t\t\t\t\t\t\t<\/li>\n\t\t\t\t\t\t\t\t<li class=\"elementor-icon-list-item\">\n\t\t\t\t\t\t\t\t\t\t\t<span class=\"elementor-icon-list-icon\">\n\t\t\t\t\t\t\t<i aria-hidden=\"true\" class=\"fas fa-check\"><\/i>\t\t\t\t\t\t<\/span>\n\t\t\t\t\t\t\t\t\t\t<span class=\"elementor-icon-list-text\">Freue dich \u00fcber exklusive Aktionen unserer Partner <\/span>\n\t\t\t\t\t\t\t\t\t<\/li>\n\t\t\t\t\t\t\t\t<li class=\"elementor-icon-list-item\">\n\t\t\t\t\t\t\t\t\t\t\t<span class=\"elementor-icon-list-icon\">\n\t\t\t\t\t\t\t<i aria-hidden=\"true\" class=\"fas fa-check\"><\/i>\t\t\t\t\t\t<\/span>\n\t\t\t\t\t\t\t\t\t\t<span class=\"elementor-icon-list-text\">Thematische Magazinbeitr\u00e4ge, exklusiv f\u00fcr dich zusammengestellt <\/span>\n\t\t\t\t\t\t\t\t\t<\/li>\n\t\t\t\t\t\t\t\t<li class=\"elementor-icon-list-item\">\n\t\t\t\t\t\t\t\t\t\t\t<span class=\"elementor-icon-list-icon\">\n\t\t\t\t\t\t\t<i aria-hidden=\"true\" class=\"fas fa-check\"><\/i>\t\t\t\t\t\t<\/span>\n\t\t\t\t\t\t\t\t\t\t<span class=\"elementor-icon-list-text\">Bleib up to date mit den neustens Pferdenews<\/span>\n\t\t\t\t\t\t\t\t\t<\/li>\n\t\t\t\t\t\t<\/ul>\n\t\t\t\t\t\t<\/div>\n\t\t\t\t<\/div>\n\t\t\t\t\t<\/div>\n\t\t<\/div>\n\t\t\t\t\t<\/div>\n\t\t<\/section>\n\t\t\t\t<section data-particle_enable=\"false\" data-particle-mobile-disabled=\"false\" class=\"penci-section penci-disSticky penci-structure-20 elementor-section elementor-inner-section elementor-element elementor-element-41346d4 elementor-reverse-tablet elementor-reverse-mobile elementor-section-boxed elementor-section-height-default elementor-section-height-default\" data-id=\"41346d4\" data-element_type=\"section\" data-e-type=\"section\">\n\t\t\t\t\t\t\t<div class=\"elementor-background-overlay\"><\/div>\n\t\t\t\t\t\t\t<div class=\"elementor-container elementor-column-gap-default\">\n\t\t\t\t\t<div class=\"penci-ercol-50 penci-ercol-order-1 penci-sticky-ct    elementor-column elementor-col-50 elementor-inner-column elementor-element elementor-element-870e1b2\" data-id=\"870e1b2\" data-element_type=\"column\" data-e-type=\"column\">\n\t\t\t<div class=\"elementor-widget-wrap elementor-element-populated\">\n\t\t\t\t\t\t<div class=\"elementor-element elementor-element-dfecda2 elementor-widget elementor-widget-text-editor\" data-id=\"dfecda2\" data-element_type=\"widget\" data-e-type=\"widget\" data-widget_type=\"text-editor.default\">\n\t\t\t\t<div class=\"elementor-widget-container\">\n\t\t\t\t\t\t\t\t\tAlles, was Pferdebesitzer wissen m\u00fcssen!\t\t\t\t\t\t\t\t<\/div>\n\t\t\t\t<\/div>\n\t\t\t\t<div class=\"elementor-element elementor-element-4a35be6 elementor-widget elementor-widget-text-editor\" data-id=\"4a35be6\" data-element_type=\"widget\" data-e-type=\"widget\" data-widget_type=\"text-editor.default\">\n\t\t\t\t<div class=\"elementor-widget-container\">\n\t\t\t\t\t\t\t\t\tWelches Futter passt am besten zu deinem Pferd? Wie erkennst du fr\u00fchzeitig Verspannungen oder Mangelerscheinungen? Welche Trainingsmethoden f\u00f6rdern Muskelaufbau und Gelenkgesundheit? Erhalte w\u00f6chentlich wertvolle Experten-Tipps zu Gesundheit, F\u00fctterung, Training &amp; Pflege \u2013 speziell f\u00fcr Pferdebesitzer. Kostenlos &amp; direkt in dein Postfach!\t\t\t\t\t\t\t\t<\/div>\n\t\t\t\t<\/div>\n\t\t\t\t\t<\/div>\n\t\t<\/div>\n\t\t\t\t<div class=\"penci-ercol-50 penci-ercol-order-2 penci-sticky-ct    elementor-column elementor-col-50 elementor-inner-column elementor-element elementor-element-894344f\" data-id=\"894344f\" data-element_type=\"column\" data-e-type=\"column\">\n\t\t\t<div class=\"elementor-widget-wrap elementor-element-populated\">\n\t\t\t\t\t\t<div class=\"elementor-element elementor-element-76526b6 elementor-widget elementor-widget-image\" data-id=\"76526b6\" data-element_type=\"widget\" data-e-type=\"widget\" data-widget_type=\"image.default\">\n\t\t\t\t<div class=\"elementor-widget-container\">\n\t\t\t\t\t\t\t\t\t\t\t\t\t\t\t\t<a href=\"#Anmeldung\">\n\t\t\t\t\t\t\t<img decoding=\"async\" width=\"400\" height=\"400\" src=\"https:\/\/www.ehorses.de\/magazin\/wp-content\/uploads\/Design-ohne-Titel-67-1.png\" class=\"attachment-large size-large wp-image-75426\" alt=\"\" srcset=\"https:\/\/www.ehorses.de\/magazin\/wp-content\/uploads\/Design-ohne-Titel-67-1.png 400w, https:\/\/www.ehorses.de\/magazin\/wp-content\/uploads\/Design-ohne-Titel-67-1-300x300.png 300w, https:\/\/www.ehorses.de\/magazin\/wp-content\/uploads\/Design-ohne-Titel-67-1-150x150.png 150w, https:\/\/www.ehorses.de\/magazin\/wp-content\/uploads\/Design-ohne-Titel-67-1-24x24.png 24w, https:\/\/www.ehorses.de\/magazin\/wp-content\/uploads\/Design-ohne-Titel-67-1-48x48.png 48w, https:\/\/www.ehorses.de\/magazin\/wp-content\/uploads\/Design-ohne-Titel-67-1-96x96.png 96w\" sizes=\"(max-width: 400px) 100vw, 400px\" \/>\t\t\t\t\t\t\t\t<\/a>\n\t\t\t\t\t\t\t\t\t\t\t\t\t\t\t<\/div>\n\t\t\t\t<\/div>\n\t\t\t\t\t<\/div>\n\t\t<\/div>\n\t\t\t\t\t<\/div>\n\t\t<\/section>\n\t\t\t\t<div class=\"elementor-element elementor-element-70ef16e elementor-widget elementor-widget-spacer\" data-id=\"70ef16e\" data-element_type=\"widget\" data-e-type=\"widget\" data-widget_type=\"spacer.default\">\n\t\t\t\t<div class=\"elementor-widget-container\">\n\t\t\t\t\t\t\t<div class=\"elementor-spacer\">\n\t\t\t<div class=\"elementor-spacer-inner\"><\/div>\n\t\t<\/div>\n\t\t\t\t\t\t<\/div>\n\t\t\t\t<\/div>\n\t\t\t\t<div class=\"elementor-element elementor-element-43f5951 elementor-align-center elementor-widget elementor-widget-button\" data-id=\"43f5951\" data-element_type=\"widget\" data-e-type=\"widget\" data-widget_type=\"button.default\">\n\t\t\t\t<div class=\"elementor-widget-container\">\n\t\t\t\t\t\t\t\t\t<div class=\"elementor-button-wrapper\">\n\t\t\t\t\t<a class=\"elementor-button elementor-button-link elementor-size-sm\" href=\"#Anmeldung\">\n\t\t\t\t\t\t<span class=\"elementor-button-content-wrapper\">\n\t\t\t\t\t\t\t\t\t<span class=\"elementor-button-text\">Jetzt abonnieren<\/span>\n\t\t\t\t\t<\/span>\n\t\t\t\t\t<\/a>\n\t\t\t\t<\/div>\n\t\t\t\t\t\t\t\t<\/div>\n\t\t\t\t<\/div>\n\t\t\t\t\t<\/div>\n\t\t<\/div>\n\t\t\t\t\t<\/div>\n\t\t<\/section>\n\t\t\t\t<\/div>\n\t\t","protected":false},"excerpt":{"rendered":"<p>Der Newsletter f\u00fcr Pferdebegeisterte! Jetzt abonnieren: Spannende Ratgeber, aktuelle News, Mega Gewinnspiele &amp; vieles mehr.&hellip;<\/p>\n","protected":false},"author":129,"featured_media":0,"parent":0,"menu_order":0,"comment_status":"closed","ping_status":"closed","template":"","meta":{"_lmt_disableupdate":"","_lmt_disable":"","footnotes":""},"class_list":["post-58226","page","type-page","status-publish","hentry"],"_oembed_6e2261a90c0f61b3f6e5cbf5248ae69a":null,"_oembed_d83ed97665bbfe5cbf2a5acd0571bfe8":null,"_oembed_879340bd3c064234a240bcda2f369c23":null,"_oembed_519616b8842fb308e7a3039c04f55a79":null,"yoast_head":"<!-- This site is optimized with the Yoast SEO plugin v27.5 - https:\/\/yoast.com\/product\/yoast-seo-wordpress\/ -->\n<title>Melde Dich f\u00fcr den ehorses Newsletter an I ehorses Magazin<\/title>\n<meta name=\"description\" content=\"Verpasse kein Gewinnspiel mehr! Jetzt f\u00fcr den ehorses Newsletter anmelden und alle Informationen rund ums Pferd erhalten. Jetzt mehr erfahren!\" \/>\n<meta name=\"robots\" content=\"index, follow, max-snippet:-1, max-image-preview:large, max-video-preview:-1\" \/>\n<link rel=\"canonical\" href=\"https:\/\/www.ehorses.de\/magazin\/ehorses-newsletter\/\" \/>\n<meta property=\"og:locale\" content=\"de_DE\" \/>\n<meta property=\"og:type\" content=\"article\" \/>\n<meta property=\"og:title\" content=\"Melde Dich f\u00fcr den ehorses Newsletter an I ehorses Magazin\" \/>\n<meta property=\"og:description\" content=\"Verpasse kein Gewinnspiel mehr! Jetzt f\u00fcr den ehorses Newsletter anmelden und alle Informationen rund ums Pferd erhalten. Jetzt mehr erfahren!\" \/>\n<meta property=\"og:url\" content=\"https:\/\/www.ehorses.de\/magazin\/ehorses-newsletter\/\" \/>\n<meta property=\"og:site_name\" content=\"ehorses Magazin\" \/>\n<meta property=\"article:modified_time\" content=\"2025-04-30T14:10:41+00:00\" \/>\n<meta property=\"og:image\" content=\"https:\/\/www.ehorses.de\/magazin\/wp-content\/uploads\/Design-ohne-Titel-64-2.png\" \/>\n\t<meta property=\"og:image:width\" content=\"400\" \/>\n\t<meta property=\"og:image:height\" content=\"400\" \/>\n\t<meta property=\"og:image:type\" content=\"image\/png\" \/>\n<meta name=\"twitter:card\" content=\"summary_large_image\" \/>\n<meta name=\"twitter:label1\" content=\"Gesch\u00e4tzte Lesezeit\" \/>\n\t<meta name=\"twitter:data1\" content=\"2\u00a0Minuten\" \/>\n<script type=\"application\/ld+json\" class=\"yoast-schema-graph\">{\"@context\":\"https:\\\/\\\/schema.org\",\"@graph\":[{\"@type\":\"WebPage\",\"@id\":\"https:\\\/\\\/www.ehorses.de\\\/magazin\\\/ehorses-newsletter\\\/\",\"url\":\"https:\\\/\\\/www.ehorses.de\\\/magazin\\\/ehorses-newsletter\\\/\",\"name\":\"Melde Dich f\u00fcr den ehorses Newsletter an I ehorses Magazin\",\"isPartOf\":{\"@id\":\"https:\\\/\\\/www.ehorses.de\\\/magazin\\\/#website\"},\"primaryImageOfPage\":{\"@id\":\"https:\\\/\\\/www.ehorses.de\\\/magazin\\\/ehorses-newsletter\\\/#primaryimage\"},\"image\":{\"@id\":\"https:\\\/\\\/www.ehorses.de\\\/magazin\\\/ehorses-newsletter\\\/#primaryimage\"},\"thumbnailUrl\":\"https:\\\/\\\/www.ehorses.de\\\/magazin\\\/wp-content\\\/uploads\\\/Design-ohne-Titel-64-2.png\",\"datePublished\":\"2023-03-31T08:26:30+00:00\",\"dateModified\":\"2025-04-30T14:10:41+00:00\",\"description\":\"Verpasse kein Gewinnspiel mehr! Jetzt f\u00fcr den ehorses Newsletter anmelden und alle Informationen rund ums Pferd erhalten. Jetzt mehr erfahren!\",\"breadcrumb\":{\"@id\":\"https:\\\/\\\/www.ehorses.de\\\/magazin\\\/ehorses-newsletter\\\/#breadcrumb\"},\"inLanguage\":\"de\",\"potentialAction\":[{\"@type\":\"ReadAction\",\"target\":[\"https:\\\/\\\/www.ehorses.de\\\/magazin\\\/ehorses-newsletter\\\/\"]}]},{\"@type\":\"ImageObject\",\"inLanguage\":\"de\",\"@id\":\"https:\\\/\\\/www.ehorses.de\\\/magazin\\\/ehorses-newsletter\\\/#primaryimage\",\"url\":\"https:\\\/\\\/www.ehorses.de\\\/magazin\\\/wp-content\\\/uploads\\\/Design-ohne-Titel-64-2.png\",\"contentUrl\":\"https:\\\/\\\/www.ehorses.de\\\/magazin\\\/wp-content\\\/uploads\\\/Design-ohne-Titel-64-2.png\",\"width\":400,\"height\":400},{\"@type\":\"BreadcrumbList\",\"@id\":\"https:\\\/\\\/www.ehorses.de\\\/magazin\\\/ehorses-newsletter\\\/#breadcrumb\",\"itemListElement\":[{\"@type\":\"ListItem\",\"position\":1,\"name\":\"Startseite\",\"item\":\"https:\\\/\\\/www.ehorses.de\\\/magazin\\\/\"},{\"@type\":\"ListItem\",\"position\":2,\"name\":\"ehorses Newsletter Anmeldung\"}]},{\"@type\":\"WebSite\",\"@id\":\"https:\\\/\\\/www.ehorses.de\\\/magazin\\\/#website\",\"url\":\"https:\\\/\\\/www.ehorses.de\\\/magazin\\\/\",\"name\":\"ehorses Magazin\",\"description\":\"\",\"potentialAction\":[{\"@type\":\"SearchAction\",\"target\":{\"@type\":\"EntryPoint\",\"urlTemplate\":\"https:\\\/\\\/www.ehorses.de\\\/magazin\\\/?s={search_term_string}\"},\"query-input\":{\"@type\":\"PropertyValueSpecification\",\"valueRequired\":true,\"valueName\":\"search_term_string\"}}],\"inLanguage\":\"de\"}]}<\/script>\n<!-- \/ Yoast SEO plugin. -->","yoast_head_json":{"title":"Melde Dich f\u00fcr den ehorses Newsletter an I ehorses Magazin","description":"Verpasse kein Gewinnspiel mehr! Jetzt f\u00fcr den ehorses Newsletter anmelden und alle Informationen rund ums Pferd erhalten. Jetzt mehr erfahren!","robots":{"index":"index","follow":"follow","max-snippet":"max-snippet:-1","max-image-preview":"max-image-preview:large","max-video-preview":"max-video-preview:-1"},"canonical":"https:\/\/www.ehorses.de\/magazin\/ehorses-newsletter\/","og_locale":"de_DE","og_type":"article","og_title":"Melde Dich f\u00fcr den ehorses Newsletter an I ehorses Magazin","og_description":"Verpasse kein Gewinnspiel mehr! Jetzt f\u00fcr den ehorses Newsletter anmelden und alle Informationen rund ums Pferd erhalten. Jetzt mehr erfahren!","og_url":"https:\/\/www.ehorses.de\/magazin\/ehorses-newsletter\/","og_site_name":"ehorses Magazin","article_modified_time":"2025-04-30T14:10:41+00:00","og_image":[{"width":400,"height":400,"url":"https:\/\/www.ehorses.de\/magazin\/wp-content\/uploads\/Design-ohne-Titel-64-2.png","type":"image\/png"}],"twitter_card":"summary_large_image","twitter_misc":{"Gesch\u00e4tzte Lesezeit":"2\u00a0Minuten"},"schema":{"@context":"https:\/\/schema.org","@graph":[{"@type":"WebPage","@id":"https:\/\/www.ehorses.de\/magazin\/ehorses-newsletter\/","url":"https:\/\/www.ehorses.de\/magazin\/ehorses-newsletter\/","name":"Melde Dich f\u00fcr den ehorses Newsletter an I ehorses Magazin","isPartOf":{"@id":"https:\/\/www.ehorses.de\/magazin\/#website"},"primaryImageOfPage":{"@id":"https:\/\/www.ehorses.de\/magazin\/ehorses-newsletter\/#primaryimage"},"image":{"@id":"https:\/\/www.ehorses.de\/magazin\/ehorses-newsletter\/#primaryimage"},"thumbnailUrl":"https:\/\/www.ehorses.de\/magazin\/wp-content\/uploads\/Design-ohne-Titel-64-2.png","datePublished":"2023-03-31T08:26:30+00:00","dateModified":"2025-04-30T14:10:41+00:00","description":"Verpasse kein Gewinnspiel mehr! Jetzt f\u00fcr den ehorses Newsletter anmelden und alle Informationen rund ums Pferd erhalten. Jetzt mehr erfahren!","breadcrumb":{"@id":"https:\/\/www.ehorses.de\/magazin\/ehorses-newsletter\/#breadcrumb"},"inLanguage":"de","potentialAction":[{"@type":"ReadAction","target":["https:\/\/www.ehorses.de\/magazin\/ehorses-newsletter\/"]}]},{"@type":"ImageObject","inLanguage":"de","@id":"https:\/\/www.ehorses.de\/magazin\/ehorses-newsletter\/#primaryimage","url":"https:\/\/www.ehorses.de\/magazin\/wp-content\/uploads\/Design-ohne-Titel-64-2.png","contentUrl":"https:\/\/www.ehorses.de\/magazin\/wp-content\/uploads\/Design-ohne-Titel-64-2.png","width":400,"height":400},{"@type":"BreadcrumbList","@id":"https:\/\/www.ehorses.de\/magazin\/ehorses-newsletter\/#breadcrumb","itemListElement":[{"@type":"ListItem","position":1,"name":"Startseite","item":"https:\/\/www.ehorses.de\/magazin\/"},{"@type":"ListItem","position":2,"name":"ehorses Newsletter Anmeldung"}]},{"@type":"WebSite","@id":"https:\/\/www.ehorses.de\/magazin\/#website","url":"https:\/\/www.ehorses.de\/magazin\/","name":"ehorses Magazin","description":"","potentialAction":[{"@type":"SearchAction","target":{"@type":"EntryPoint","urlTemplate":"https:\/\/www.ehorses.de\/magazin\/?s={search_term_string}"},"query-input":{"@type":"PropertyValueSpecification","valueRequired":true,"valueName":"search_term_string"}}],"inLanguage":"de"}]}},"_links":{"self":[{"href":"https:\/\/www.ehorses.de\/magazin\/wp-json\/wp\/v2\/pages\/58226","targetHints":{"allow":["GET"]}}],"collection":[{"href":"https:\/\/www.ehorses.de\/magazin\/wp-json\/wp\/v2\/pages"}],"about":[{"href":"https:\/\/www.ehorses.de\/magazin\/wp-json\/wp\/v2\/types\/page"}],"author":[{"embeddable":true,"href":"https:\/\/www.ehorses.de\/magazin\/wp-json\/wp\/v2\/users\/129"}],"replies":[{"embeddable":true,"href":"https:\/\/www.ehorses.de\/magazin\/wp-json\/wp\/v2\/comments?post=58226"}],"version-history":[{"count":0,"href":"https:\/\/www.ehorses.de\/magazin\/wp-json\/wp\/v2\/pages\/58226\/revisions"}],"wp:attachment":[{"href":"https:\/\/www.ehorses.de\/magazin\/wp-json\/wp\/v2\/media?parent=58226"}],"curies":[{"name":"wp","href":"https:\/\/api.w.org\/{rel}","templated":true}]}}